he prime factors of b?
2, 3
What are the prime factors of (-9 - -27)*(-2166)/(-9)?
2, 3, 19
Let o = 17 - 11. Suppose -o*x + 86 = -5*x. Let y = x + -54. List the prime factors of y.
2
Let g = -2449 + 70670. List the prime factors of g.
17, 4013
Let m be (0 - 8/12)*120/(-16). Suppose -2 = 2*t + 3*n, -8*t + 3*t = -m*n - 20. What are the prime factors of t?
2
Let s be (65/(-10) + 7)*(38 + 0). Suppose -s*p + 2844 = -19709. List the prime factors of p.
1187
Suppose -219493 + 45415 = -14*c + 5598. List the prime factors of c.
2, 3, 23, 31
Suppose 26 = 3*y - 7. Suppose 135 = y*l - 10*l. What are the prime factors of l?
3, 5
Let r be (-2)/8*-2*(-67 + 1039). Suppose -16*y + 15*y = -r. What are the prime factors of y?
2, 3
Suppose 0 = 142530*m - 142522*m - 261448. List the prime factors of m.
11, 2971
Suppose -5*r - a + 3*a = -41357, -3*r + 24831 = -4*a. List the prime factors of r.
8269
Suppose 5*b - 7895 = 4*q, -q = -2*q - 5. Let m = -827 + b. What are the prime factors of m?
2, 11, 17
Let h(b) = -b**3 + 15*b**2 + 17*b - 31. Let p be h(14). Let z = p - 275. Suppose 3*q - 389 = -z. List the prime factors of q.
3, 29
Let r(v) = -212*v**3 - 13*v**2 - 149*v - 239. List the prime factors of r(-6).
45979
Let q(a) be the third derivative of -8*a**4/3 + 4*a**3/3 + 3*a**2. Let f = 1164 + -1167. List the prime factors of q(f).
2, 5
Let z = 860 - 3071. Let c = z - -3496. What are the prime factors of c?
5, 257
Let b = 57 + -53. Suppose -2*g = -b*u + 2*g + 44, -g + 7 = 2*u. List the prime factors of 9 - u - 3/1*-5.
2, 3
Let c = 2532 - -68183. What are the prime factors of c?
5, 14143
Let s be (-99)/44*(-8)/6. Let h be (4/(-1) - 3) + s. What are the prime factors of h/(-18) - 669/(-27)?
5
Let i = 4508 + 9435. List the prime factors of i.
73, 191
Let l(o) = -49*o + 243. Let j be l(5). List the prime factors of (-8924)/(-69)*((-39)/(-6) + j).
2, 3, 97
Let q(p) = -2*p**2 - 12*p - 18. Let w be q(11). Let a = 153 - w. What are the prime factors of a?
5, 109
Suppose 429*d - 6375435 - 10829303 = 6413428. What are the prime factors of d?
2, 27527
Suppose -280 = 5*q + 5*b, -4*q - 5*b + 215 = -8*q. Let c = q - -87. What are the prime factors of c?
2
Let t(l) = 16*l + 1427. What are the prime factors of t(53)?
5, 7, 13
Suppose 2*u + 45*z - 8867 = 50*z, -4*z = -28. What are the prime factors of u?
4451
Let z = -15467 + 23938. What are the prime factors of z?
43, 197
Let c(y) = 258*y**3 - 5*y**2 + 222*y - 649. What are the prime factors of c(3)?
2, 3469
Let p(g) = g + 12. Let x = -19 - -29. Let h be p(x). Suppose 21*w - h*w + 78 = 0. List the prime factors of w.
2, 3, 13
Let z = -198 - -435. Suppose 3*a - 2766 = -z. List the prime factors of a.
3, 281
Let p be -5*218*1/(-2). List the prime factors of ((-45)/(-75))/(1/p).
3, 109
Let g = 93 - 85. Suppose g*a = 1537 - 145. Suppose w = 3*w - a. List the prime factors of w.
3, 29
Let q(c) = -410*c + 2453. What are the prime factors of q(-21)?
13, 23, 37
Let h = -13 - -23. Suppose -i = 4*i + h. What are the prime factors of i/(-4)*2*(105 + 9)?
2, 3, 19
Let y(l) = -219*l - 865. What are the prime factors of y(-39)?
2, 19, 101
Let a = -593 - -891. Let l = a - -135. What are the prime factors of l?
433
List the prime factors of 23 + -15 + (6 - (-39061 - -2)).
41, 953
Let b(h) = 1867*h + 340. List the prime factors of b(10).
2, 5, 1901
Let p be ((-4)/(-12))/(7/42). Suppose -2*u = p*v - 352 - 618, 0 = 4*v - 3*u - 1968. What are the prime factors of v?
3, 163
Suppose -3*i = 4*w - 14, 7*i = 3*i + 5*w + 60. Suppose -l + b = -178, 0 = b + b + i. Let p = l - 23. What are the prime factors of p?
2, 3, 5
Suppose 19*b + 7692 = 25*b. Suppose -4*i = -5*j - b, -5*i + 5*j - 347 = -1952. List the prime factors of i.
17, 19
Let q = -25165 - -54717. List the prime factors of q.
2, 1847
Let s(r) = 134*r**2 - 113*r + 32. List the prime factors of s(7).
5807
Let g = 18 + -12. Suppose g*u - 2*u = 12. Suppose 0*d - 4*d = -4*t + 432, u*d = t - 104. What are the prime factors of t?
2, 5, 11
Let m be -1 + 3 + 5/(10/(-4)). What are the prime factors of m - (-5 - -4 - 429)?
2, 5, 43
Let w = -362 + 512. Suppose 98 = -3*t - 55. Let j = t + w. List the prime factors of j.
3, 11
Suppose -6621 = -z - 2*r + 6362, -3*z - 2*r + 38921 = 0. List the prime factors of z.
3, 11, 131
Suppose -2*b - b + 12 = 0. Suppose -o = 1, -4*j + b*o = -0*o - 44. Suppose 2*x + j = 0, 5*x - 332 = -5*u + 18. What are the prime factors of u?
3, 5
Suppose 0 = -10*g - 54 + 444. Let q(l) = l**3 - 40*l**2 + 43*l + 125. What are the prime factors of q(g)?
281
Let s = -53408 - -113623. What are the prime factors of s?
5, 12043
Let t = 45 + 61. Let z = 102 - t. List the prime factors of ((-1056)/144)/((z/3)/2).
11
Let z(x) = -18*x + 2. Let f(o) = -72*o + 9. Let p(l) = 6*f(l) - 26*z(l). List the prime factors of p(3).
2, 5, 11
Let m(c) = 3*c**2 - 11*c - 60. Let x be m(-15). Suppose 4*k - x = -4*y + k, -5*k - 20 = 0. List the prime factors of y.
2, 3, 11
Suppose 2*j - 6 = 0, 7*g - 4*j = 4*g + 12. What are the prime factors of g - (0 + -39*50)?
2, 11, 89
Let i(n) be the second derivative of 9/2*n**2 + 11/6*n**3 + 0 + 1/12*n**4 - 4*n. List the prime factors of i(-11).
3
Suppose 2 - 10 = -2*x. Suppose -4*s - x + 12 = 0. Suppose -12 = -s*m + 2. List the prime factors of m.
7
Let d = -7884 - -11639. Let k = d + -2498. What are the prime factors of k?
3, 419
Let o be (22/(-55))/(-3 + 766/255). Let u = 382 + o. List the prime factors of u.
2, 5, 7
Let w(m) = m**2 + 3*m - 2. Let i be w(-3). Let o be 1 - ((-4)/i + -4). Suppose 251 = o*d + k, -336 = -6*d + 2*d - k. What are the prime factors of d?
5, 17
Let w be 42595/15 - -4*1/(-6). Suppose -25*s + 15636 + w = 0. List the prime factors of s.
739
Let b = 72 + -67. Suppose 20 = b*d - 0. Suppose -d*u = 2*o - 114, 0 = 3*o - 2*u - 0*u - 203. What are the prime factors of o?
5, 13
Suppose 145*k - 83097 = 138*k - 3*x, 0 = -2*k + 4*x + 23742. What are the prime factors of k?
3, 1319
Suppose -8534538 = -223*z - 519472. List the prime factors of z.
2, 17971
Suppose 0 = -2*i - 8*i + 40. Let u be 2 - (-1 - (i - 4)). Let n = 8 - u. What are the prime factors of n?
5
Suppose 55*j - 6*j - 134211 = 0. What are the prime factors of j?
3, 11, 83
Let m(f) = f**3 + f**2 + 45*f + 7180. What are the prime factors of m(0)?
2, 5, 359
Suppose 14*p = 8*p + 1104. Suppose -u - 165 = -p. List the prime factors of u.
19
Let y(c) = -686*c**3 + c**2 + c. Let q be y(-1). Suppose 0 = 5*o + 4*i - 3146, 4*o - 1822 - q = -i. What are the prime factors of o?
2, 313
Suppose -88*c + 59*c + 5394 = 0. Let a = c + 254. What are the prime factors of a?
2, 5, 11
Let g(h) = 4*h + 39. Let a be g(-9). List the prime factors of (677 - (-15)/a) + 3.
5, 137
Let a(d) = -21*d**2 + 4*d - 6*d + 42*d**2 + 15 - 20*d**2. Let r be 297/(-63) - 4/14. What are the prime factors of a(r)?
2, 5
Let j be (-2)/5 + 2 + 434/35. Let l(d) = d**2 + d + 42. What are the prime factors of l(j)?
2, 3, 7
Suppose 65*m = 230*m - 377025. List the prime factors of m.
5, 457
Let q(k) = 12*k**3 - k**2 - 17*k - 9. What are the prime factors of q(9)?
3, 5, 7
List the prime factors of ((-4344)/36)/(-1*(-6)/(-252)).
2, 7, 181
Let x = -3188 - -20634. What are the prime factors of x?
2, 11, 13, 61
What are the prime factors of (-6)/2 + 32*1/(4/5164)?
101, 409
List the prime factors of ((-1377)/(-765))/((-6)/(-132740)).
2, 3, 6637
Let o be (0 - (-6 - 3))*(-10)/(-30). Suppose 0 = 2*i + o*i - 5760. What are the prime factors of i?
2, 3
Let x be -6 - 104/28 - (-4)/(-14). Let i = x - -14. List the prime factors of (-2)/8 - ((-117)/i - -1).
2, 7
Let m be 96/(-672) + -113*(-176)/7. Suppose -5*p + 909 = -m. What are the prime factors of p?
2, 3, 5
Let u be (23 + -2)*52/4. Suppose -7467 = -15*r + u. List the prime factors of r.
2, 3, 43
Suppose -953438 = -95*s + 355786 + 82906. List the prime factors of s.
2, 17, 431
Let n(c) = c**2 - 3*c + 11. Let v(l) = 3*l**2 + 7*l - 1. Let k be v(-3). Suppose -25 = d + 5*q, -5*q - 25 = k*d - 0*d. List the prime factors of n(d).
11
Let s be ((-37900)/(-15))/(-5) + 2/6. Let w = s + 719. List the prime factors of w.
2, 107
Suppose 3*v - 3492 = -30*v + 18288. What are the prime factors of v?
2, 3, 5, 11
Suppose 4*u + 17 = 5*g, -4*g + 7 + 3 = -5*u. Let v be ((-67)/1 - -2)/(u/(-96)). Suppose -15*s + v = -2*s. List the pr